nder when 86117 is divided by 6857?
3833
Calculate the remainder when 852057 is divided by 426027.
3
What is the remainder when 935165 is divided by 187030?
15
Calculate the remainder when 2793206 is divided by 10345.
56
What is the remainder when 24345524 is divided by 12172753?
18
Calculate the remainder when 36429 is divided by 2700.
1329
What is the remainder when 136746 is divided by 6213?
60
Calculate the remainder when 3671 is divided by 2209.
1462
Calculate the remainder when 754143 is divided by 743.
741
What is the remainder when 274250 is divided by 3386?
3370
What is the remainder when 5970738 is divided by 983?
979
Calculate the remainder when 145213 is divided by 6462.
3049
What is the remainder when 1152897 is divided by 1137?
1116
Calculate the remainder when 78876361 is divided by 4.
1
Calculate the remainder when 180373 is divided by 30058.
25
What is the remainder when 212864 is divided by 70643?
935
What is the remainder when 10540329 is divided by 12?
9
Calculate the remainder when 200509 is divided by 2154.
187
Calculate the remainder when 570511 is divided by 114064.
191
Calculate the remainder when 1859336 is divided by 21128.
72
Calculate the remainder when 527620 is divided by 565.
475
What is the remainder when 9071 is divided by 495?
161
Calculate the remainder when 9371178 is divided by 1391.
11
Calculate the remainder when 145508 is divided by 4056.
3548
Calculate the remainder when 2734603 is divided by 298.
155
Calculate the remainder when 1466991 is divided by 110.
31
Calculate the remainder when 22393534 is divided by 11.
9
What is the remainder when 5365997 is divided by 77768?
5
Calculate the remainder when 192614 is divided by 780.
734
What is the remainder when 6606521 is divided by 351?
350
What is the remainder when 3513543 is divided by 36222?
9
Calculate the remainder when 12947671 is divided by 6473743.
185
Calculate the remainder when 768143 is divided by 768142.
1
Calculate the remainder when 34720919 is divided by 44457.
2
Calculate the remainder when 771662 is divided by 45313.
1341
What is the remainder when 460569 is divided by 4040?
9
What is the remainder when 382342 is divided by 42?
16
Calculate the remainder when 180421296 is divided by 2166.
2160
Calculate the remainder when 144409 is divided by 19933.
4878
Calculate the remainder when 663297 is divided by 82685.
1817
What is the remainder when 46967 is divided by 15316?
1019
Calculate the remainder when 103267 is divided by 328.
275
Calculate the remainder when 8063485 is divided by 613.
83
What is the remainder when 95257 is divided by 13563?
316
Calculate the remainder when 4472166 is divided by 1490625.
291
What is the remainder when 10263 is divided by 8946?
1317
What is the remainder when 6065694 is divided by 1028?
494
Calculate the remainder when 536414 is divided by 543.
473
What is the remainder when 157853942 is divided by 129?
125
What is the remainder when 98705 is divided by 7699?
6317
Calculate the remainder when 15459899 is divided by 75.
74
Calculate the remainder when 969247 is divided by 17622.
37
What is the remainder when 1610647 is divided by 136?
135
What is the remainder when 42040260 is divided by 803?
801
What is the remainder when 1620794 is divided by 17?
14
Calculate the remainder when 31838 is divided by 15880.
78
Calculate the remainder when 2502726 is divided by 96258.
18
Calculate the remainder when 19186196 is divided by 4796504.
180
What is the remainder when 293163 is divided by 146518?
127
Calculate the remainder when 264062 is divided by 264039.
23
What is the remainder when 2336346 is divided by 87?
48
Calculate the remainder when 3780757 is divided by 2057.
2048
What is the remainder when 148170775 is divided by 17?
16
Calculate the remainder when 10907187 is divided by 1078.
1061
Calculate the remainder when 170684902 is divided by 10809.
10792
What is the remainder when 4038029 is divided by 1623?
5
What is the remainder when 12658813 is divided by 39933?
52
What is the remainder when 104310 is divided by 3617?
3034
Calculate the remainder when 49105 is divided by 22559.
3987
Calculate the remainder when 3857455 is divided by 2687.
1610
Calculate the remainder when 1737836 is divided by 215.
206
Calculate the remainder when 1021940 is divided by 60114.
2
What is the remainder when 149152 is divided by 761?
757
Calculate the remainder when 555620 is divided by 4195.
1880
Calculate the remainder when 1261255 is divided by 1274.
1269
Calculate the remainder when 114261 is divided by 16246.
539
Calculate the remainder when 1485103 is divided by 364.
347
Calculate the remainder when 222905 is divided by 1120.
25
Calculate the remainder when 14709 is divided by 2026.
527
What is the remainder when 718556 is divided by 4202?
14
Calculate the remainder when 21746 is divided by 32.
18
What is the remainder when 2632280 is divided by 183?
8
What is the remainder when 28958325 is divided by 438?
393
What is the remainder when 46568773 is divided by 1551?
1549
What is the remainder when 328883 is divided by 18267?
77
What is the remainder when 837997752 is divided by 147?
144
Calculate the remainder when 134528 is divided by 382.
64
What is the remainder when 183985 is divided by 1040?
945
What is the remainder when 7308 is divided by 896?
140
What is the remainder when 411895 is divided by 1316?
1303
Calculate the remainder when 259671 is divided by 85551.
3018
What is the remainder when 148307795 is divided by 238?
237
What is the remainder when 47672 is divided by 4336?
4312
Calculate the remainder when 1007649 is divided by 72.
9
What is the remainder when 2049031 is divided by 5523?
5521
What is the remainder when 4535872 is divided by 755977?
10
What is the remainder when 13758623 is divided by 774?
773
What is the remainder when 550598 is divided by 1263?
1193
What is the remainder when 248885 is divided by 1903?
1495
Calculate the remainder when 219178868 is divided by 1268.
1264
Calculate the remainder when 102520 is divided by 552.
400
Calculate the remainder when 1412546 is divided by 1314.
1310
What is the remainder when 37725 is divided by 290?
25
Calculate the remainder when 6829233 is divided by 21.
12
Calculate the remainder when 18385468 is divided by 3500.
3468
What is the remainder when 11785077 is divided by 436?
433
What is the remainder when 2990256 is divided by 2047?
1636
Calculate the remainder when 273082177 is divided by 973.
970
What is the remainder when 101210 is divided by 712?
106
What is the remainder when 55394045 is divided by 18464680?
5
Calculate the remainder when 21464908 is divided by 259.
24
What is the remainder when 833755 is divided by 183?
7
What is the remainder when 417959 is divided by 3319?
3084
Calculate the remainder when 6551282 is divided by 32921.
3
Calculate the remainder when 2403202 is divided by 171656.
18
What is the remainder when 106538 is divided by 35318?
584
What is the remainder when 1268647 is divided by 381?
298
What is the remainder when 59733518 is divided by 3080?
3078
What is the remainder when 140804072 is divided by 2042?
4
Calculate the remainder when 1078168 is divided by 2165.
2163
Calculate the remainder when 71338 is divided by 456.
202
What is the remainder when 47536322 is divided by 3380?
2
Calculate the remainder when 210838 is divided by 94.
90
What is the remainder when 8944173 is divided by 34?
31
What is the remainder when 572961 is divided by 72?
57
Calculate the remainder when 15220754 is divided by 97.
96
Calculate the remainder when 221702 is divided by 1267.
1244
What is the remainder when 19727424 is divided by 9863704?
16
Calculate the remainder when 48558 is divided by 1607.
348
What is the remainder when 228334 is divided by 45078?
2944
What is the remainder when 556401 is divided by 2525?
901
What is the remainder when 30435452 is divided by 6?
2
What is the remainder when 1181834 is divided by 2407?
2404
What is the remainder when 149373 is divided by 47306?
7455
What is the remainder when 43283911 is divided by 14427970?
1
What is the remainder when 553196 is divided by 711?
38
What is the remainder when 214557 is divided by 14087?
3252
What is the remainder when 79240 is divided by 111?
97
Calculate the rema